{"id":54,"date":"2024-12-23T21:29:44","date_gmt":"2024-12-23T20:29:44","guid":{"rendered":"https:\/\/stylo.lucplongee.fr\/?page_id=54"},"modified":"2024-12-23T21:41:25","modified_gmt":"2024-12-23T20:41:25","slug":"les-horaires","status":"publish","type":"page","link":"https:\/\/stylo.lucplongee.fr\/index.php\/le-club\/les-horaires\/","title":{"rendered":"Les horaires"},"content":{"rendered":"\n<p>La section plong\u00e9e du Lille Universit\u00e9 Club dispose de 2 cr\u00e9neaux par semaine :<\/p>\n\n\n\n<p><strong>Lundi de 20h \u00e0 21h30<\/strong><\/p>\n\n\n\n<p><strong>Mercredi de 20h30 \u00e0 21h30<\/strong><\/p>\n","protected":false},"excerpt":{"rendered":"<p>La section plong\u00e9e du Lille Universit\u00e9 Club dispose de 2 cr\u00e9neaux par semaine : Lundi de 20h \u00e0 21h30 Mercredi de 20h30 \u00e0 21h30<\/p>\n","protected":false},"author":1,"featured_media":0,"parent":60,"menu_order":1,"comment_status":"closed","ping_status":"closed","template":"","meta":{"footnotes":""},"class_list":["post-54","page","type-page","status-publish","hentry"],"_links":{"self":[{"href":"https:\/\/stylo.lucplongee.fr\/index.php\/wp-json\/wp\/v2\/pages\/54","targetHints":{"allow":["GET"]}}],"collection":[{"href":"https:\/\/stylo.lucplongee.fr\/index.php\/wp-json\/wp\/v2\/pages"}],"about":[{"href":"https:\/\/stylo.lucplongee.fr\/index.php\/wp-json\/wp\/v2\/types\/page"}],"author":[{"embeddable":true,"href":"https:\/\/stylo.lucplongee.fr\/index.php\/wp-json\/wp\/v2\/users\/1"}],"replies":[{"embeddable":true,"href":"https:\/\/stylo.lucplongee.fr\/index.php\/wp-json\/wp\/v2\/comments?post=54"}],"version-history":[{"count":1,"href":"https:\/\/stylo.lucplongee.fr\/index.php\/wp-json\/wp\/v2\/pages\/54\/revisions"}],"predecessor-version":[{"id":56,"href":"https:\/\/stylo.lucplongee.fr\/index.php\/wp-json\/wp\/v2\/pages\/54\/revisions\/56"}],"up":[{"embeddable":true,"href":"https:\/\/stylo.lucplongee.fr\/index.php\/wp-json\/wp\/v2\/pages\/60"}],"wp:attachment":[{"href":"https:\/\/stylo.lucplongee.fr\/index.php\/wp-json\/wp\/v2\/media?parent=54"}],"curies":[{"name":"wp","href":"https:\/\/api.w.org\/{rel}","templated":true}]}}